of m?
3
Suppose -37*y = 2*z - 32*y - 8235, 4*z = 3*y + 16535. What is the units digit of z?
0
Suppose 89*l = 3*v + 88*l - 25749, 2*v - 4*l - 17156 = 0. What is the hundreds digit of v?
5
Suppose -2*o + 884 = 2*l, o + 10*l - 439 = 8*l. Let f = o + 181. What is the tens digit of f?
2
Suppose -25*l = -23*l - 4. Suppose -1197 = -11*q + l*q. What is the tens digit of q?
3
Let h(z) = -z**3 + 7*z**2 - 2*z + 5. Let b be h(7). Let x(l) = l**3 + 18*l**2 + 8*l - 26. What is the tens digit of x(b)?
3
What is the thousands digit of ((4250/(-51))/25)/(4/(-7698))?
6
Let y(f) = 9*f**2 + 3*f - 1. Let g be y(-1). Suppose -3*t = -g*h + 6021, 4*t + 4812 = 3*h + h. Suppose -10*k + 334 = -h. What is the hundreds digit of k?
1
Let o(g) = -379*g**3 - g**2 + g - 5. What is the ten thousands digit of o(-3)?
1
Let l(j) = 47*j**3 + 8*j**2 + 4*j - 6. Let y be l(4). Suppose -4*s = -3*f + y, 2*f = s + 443 + 1661. What is the tens digit of f?
5
Suppose -6*p = -5*p - 1250. Suppose 3*i = 2*j + 5*i - p, -4*i = -16. What is the hundreds digit of j?
6
Let b(r) be the second derivative of 283*r**3/6 + 2*r**2 - 33*r. What is the hundreds digit of b(1)?
2
Let p = 13 + -10. Suppose -4*j + 54 = -p*n - 545, -2*n = 4*j - 594. Suppose -71 - j = -4*v. What is the tens digit of v?
5
Let a(l) = 89*l**2 + 3*l + 19. Let z = 223 - 226. What is the units digit of a(z)?
1
What is the ten thousands digit of 145274/13 + 137/1781?
1
Let r = 1350 - 746. Suppose 5660 = 12*l - r. What is the units digit of l?
2
Let w = 333 + -329. Suppose -7*c = -w*g - 4*c + 5472, -g - 5*c = -1368. What is the tens digit of g?
6
What is the thousands digit of ((42862 + -5)*-9*9/(-81))/1?
2
Let f = 1783 + -840. What is the tens digit of f?
4
Let q(p) = -p**2 + 2*p + 3. Let c be q(-1). Let h be 1/4*-2*c. Suppose 5*i - 2*v = -h*i + 562, -341 = -3*i + 5*v. What is the hundreds digit of i?
1
Suppose 4*n + r + r + 2952 = 0, 0 = r + 4. Let z = n - -1531. What is the hundreds digit of z?
7
Let p(a) = -52*a**2 + 11. Let q be p(3). Let t = 646 + q. What is the units digit of t?
9
Let g(p) = p - 1. Let j be g(7). Suppose -o = a - j, a - 4 - 10 = -3*o. Suppose -v = -o*v + 477. What is the units digit of v?
9
Let t be 1284/28 + 4/28. Let v = -82 + t. What is the tens digit of (-3360)/v + (-4)/(-6)?
9
Suppose -3*z = -2*j + 3691, -2*z - z = -4*j + 7385. Let x = j - 3147. What is the tens digit of (-20)/(-35) - x/28?
4
Let f(m) = m**3 + 11*m**2 - 341*m - 27. What is the tens digit of f(18)?
3
Let r = -5434 + 3536. Let x = -368 - r. What is the thousands digit of x?
1
Let q(l) = -61*l - 3510. What is the units digit of q(-118)?
8
Let v = -12 - 92. Let a = v - -199. Suppose -4*p = -2*x + 40, 0*p = -4*x + 5*p + a. What is the units digit of x?
0
Let n be (895/10)/((-4)/(-8)). Suppose a = 35*u - 34*u - n, 0 = -2*u - a + 352. What is the hundreds digit of u?
1
Let v be ((-8)/(-3))/((-6)/(-18)). Suppose -24 + 8 = -v*t. What is the hundreds digit of (137 + 0)*(t + (-2 - -2))?
2
Suppose -2689856 = 415*s - 12967746. What is the tens digit of s?
6
Let z = 44 + -11. Let o be (678/4)/(z/44). Suppose -13*y = -11*y - o. What is the units digit of y?
3
Suppose 0 = -74*t + 524 - 154. Suppose 13*z - t*z = 14592. What is the hundreds digit of z?
8
What is the units digit of (-1002)/(-4)*(-160)/(-30)?
6
Let p(g) be the second derivative of -g**5/20 - 7*g**4/12 + 49*g**3/6 + 25*g**2/2 - g + 19. What is the units digit of p(-13)?
2
Suppose -23*b - 67 = 150 + 128. Let n(u) = 2*u - 2. Let q be n(-2). What is the tens digit of ((-395)/b)/(q/(-18))?
7
Suppose -4*b = -2*d - 42, -5*d = 27 - 12. Let l be b/(-18)*(-5 + -1). Suppose y + 5*c = 15 + 14, -l*c = -3*y + 69. What is the units digit of y?
4
Let f = -33 - -43. Let x(n) = 2*n**2 - 21*n - 2. Let w be x(f). What is the tens digit of 4470/36 + 1 + 14/w?
2
Suppose -3*t - z = t - 205, -3*t = -5*z - 125. Let b be (-7 - -6)/(-3*(-2)/(-144)). Suppose -2*x = -t - b. What is the units digit of x?
7
Let j(k) = k**2 + 31*k - 120. Let w be j(-35). What is the hundreds digit of 20/(-16) - (4 + (-9005)/w)?
4
Suppose -2960 = 14*t - 1154. Let i be t/(-9) + 2 - (-4)/(-12). Let n = i - -62. What is the units digit of n?
8
Suppose 0 = 3*r - 3*l + 1440, -26*r - 480 = -25*r - 2*l. Let p = 1642 + r. What is the thousands digit of p?
1
Let m(q) = q**3 - 6*q**2 - 24*q - 50. Let a be m(13). Let t = 651 + a. What is the hundreds digit of t?
4
Let b = 42583 + -24088. What is the units digit of b?
5
Let d(i) = -i - 1. Let x be d(-3). Suppose 3*l + t + 36 = 63, 3*t = l - 19. What is the hundreds digit of (x + l/(-4))/((-1)/298)?
1
Suppose -3 = -0*r + r. Let n(h) = -h + 7. Let x be n(r). What is the tens digit of 4/2*245/x?
4
Let i(o) = 8*o**2 - 90*o - 2853. What is the thousands digit of i(-27)?
5
Let a = -426 + 430. Suppose 0 = a*r - 550 + 202. What is the tens digit of r?
8
Suppose -10 = 5*m - 5*q, 3*q = 8*q - 10. Suppose -2*u - 3*r - 53 = m, -4*u - r = -6*r + 139. Let o = 9 - u. What is the tens digit of o?
4
Let y(h) = 14613*h**2 - 20*h - 21. What is the hundreds digit of y(-1)?
6
Let g(z) = -70 - z + 7*z + 7*z**2 + 72. Let u be g(-2). Suppose -q + 3*l + u = 2*q, -5*q - 3*l = -70. What is the units digit of q?
1
Suppose -23*w + 117384 = 44*w. What is the hundreds digit of w?
7
Suppose 0 = -2*s - 6, 3*s = -3*z + 7*s + 27. Let k be -4 + -31*z*-1. Let x = -88 + k. What is the tens digit of x?
6
Let y be (-147)/(-28) + 15/20. Suppose 4*d = -v + 1061, -y*v + 8*v - 5*d = 2057. What is the units digit of v?
1
Suppose -1254295 = -164*y + 7738995 - 259798. What is the tens digit of y?
5
Let h = -29 - 88. Let l = 322 - h. What is the units digit of l?
9
What is the tens digit of (2/(-6))/((-238)/5539212)?
5
Let k(r) be the first derivative of r**4/4 + 4*r**3 - 13*r**2/2 + 15*r - 113. What is the hundreds digit of k(-12)?
1
Let u be 2648/40 + ((-12)/(-15))/1. Suppose -u*p + 1084 = -63*p. What is the tens digit of p?
7
Let p(z) = 60*z**2 + 12*z + 97. Let s be p(-5). Suppose -3*k = -5*j - s, -1527 = -3*k - 3*j + 6*j. What is the units digit of k?
4
Let j = -213 + 507. Let k = j - -394. What is the tens digit of k?
8
What is the tens digit of (4/(-6))/(((-140)/(-19761))/(-20))?
8
Let p = -406 + 775. Let b = p + -40. What is the tens digit of b?
2
Suppose -4*g + 20110 = y + 6723, -4*g - 3*y = -13377. What is the hundreds digit of g?
3
Suppose 57*s - 504882 = 92763. What is the hundreds digit of s?
4
Suppose -i = -2*i + 105. Suppose -14 = -7*q + i. What is the units digit of q?
7
Let r = 9462 + 4987. What is the thousands digit of r?
4
Let w be 36/(-6)*2/4. Let o be w*(-10)/15 + -17. What is the tens digit of (-5)/o*657/3?
7
Let x(s) = 99*s**2 + 67*s - 6. Let a be x(-8). Suppose 4*n - a = -922. What is the units digit of n?
8
What is the ten thousands digit of 24113 - (3 - (-8 + -1))?
2
Let k be -1 + 3 + (-249)/1. Let f = -901 - -732. Let w = f - k. What is the tens digit of w?
7
Let k(j) be the second derivative of -j**5/20 - j**4/6 + j**3/6 - 3*j**2/2 + 12*j. Let u be k(-3). Suppose 2*y + u*y - 85 = 0. What is the tens digit of y?
1
Let j = 30460 - 3995. What is the units digit of j?
5
Suppose r + 4003 = 4*z, 0*z - 5012 = -5*z + 4*r. Suppose -2*k + o + 0*o + 401 = 0, -5*o - z = -5*k. What is the tens digit of k?
0
Let m be (-284 - -291) + 7*(-2)/2. Let n be 85/((-3)/(-14 + -1)). Suppose 5*h - n = -m*h. What is the tens digit of h?
8
Let q(h) = 1198*h - 5521. What is the thousands digit of q(16)?
3
Suppose 4*y = -12*y + 5*y. Suppose -f - 4*w + 22 = y, 5*w = 3*w. Suppose f = t - 32. What is the units digit of t?
4
Let v be 5 + (-12)/3 + 3. Suppose -2*s = 5*a - 77 - 2, -182 = -v*s - 2*a. Let c = s + 200. What is the hundreds digit of c?
2
Suppose 4 = -4*x + 4*y, -2*y + 20 = 5*x - 10. Suppose 16*d = x*d + 2412. What is the hundreds digit of d?
2
Let b(c) be the third derivative of c**6/120 - 29*c**5/60 + 11*c**4/8 + c**3/3 + 111*c**2. What is the tens digit of b(29)?
5
Suppose 75 = -58*f + 63*f. Let t be (-2)/((-2)/3*f/430). Let x = 13 + t. What is the tens digit of x?
9
Let p(f) = f**2 + 12*f + 16. Let b be p(-11). Suppose -2*v - 78 = -b*v. What is the tens digit of 325/v + 3/(-2)?
1
Suppose -3*o = 2*o + 4*b + 1, 2 = 2*b. Let s(z) = -z**3 - 46*z**2 + 5*z + 225. Let i be s(-46). What is the tens digit of (0 + (-34 - i))*o?
2
Let d = 5 + -3. Su